{"id":19,"date":"2026-04-21T16:31:17","date_gmt":"2026-04-21T14:31:17","guid":{"rendered":"http:\/\/nethanelvideo.fr\/?page_id=19"},"modified":"2026-04-27T18:02:07","modified_gmt":"2026-04-27T16:02:07","slug":"accueil","status":"publish","type":"page","link":"https:\/\/nethanelvideo.fr\/","title":{"rendered":"index"},"content":{"rendered":"\n\n<div\n\tclass=\"alignfull wp-block-vbb-video-bg\"\tid='vbbVideoBG-3'\n\tdata-poster-desktop=''\n\tdata-poster-tablet=''\n\tdata-poster-mobile=''\n\tdata-poster-color='#000000'\n\tdata-poster-auto='1'\n\tdata-video-fit='cover'\n\tdata-focus-x='50'\n\tdata-focus-y='50'\n\tdata-start-time='0'\n\tdata-end-time='0'\n\tdata-playback-rate='1'\n\tdata-muted='1'\n\tdata-volume='1'\n\tdata-audio-on-click='0'\n\tdata-embed-type='self'\n\tdata-yt-no-cookie='1'\n\tdata-youtube-url-desktop=''\n\tdata-youtube-url-tablet=''\n\tdata-youtube-url-mobile=''\n\tdata-vimeo-url-desktop=''\n\tdata-vimeo-url-tablet=''\n\tdata-vimeo-url-mobile=''\n>\n\t<style>\n\t\t#vbbVideoBG-3{\n\tmin-height: 900px;\n\t--vbb-video-fit: cover;\n\t--vbb-overlay-opacity: 1;\n\t--vbb-overlay-blend: normal;\n\t--vbb-overlay-pattern: none;\n\t--vbb-overlay-pattern-opacity: 0.2;\n\t--vbb-overlay-noise: 0;\n\t--vbb-overlay-vignette: 0;\n\t--vbb-overlay-float: none;\n\t--vbb-overlay-pulse: none;\n}\n#vbbVideoBG-3 .vbbPosterLayer{\n\tdisplay: block;\n\tbackground-image: url();\n\tbackground-color: var(--vbb-poster-color, #000000);\n\tbackground-position: 50% 50%;\n\tfilter: blur(0px);\n}\n#vbbVideoBG-3 .vbbVideoPlayer{\n\tobject-fit: cover;\n\tobject-position: 50% 50%;\n}\n#vbbVideoBG-3 .vbbVideoContent{\n\tjustify-content: center;\n\ttext-align: center;\n\tmin-height: 900px;\n\tpadding: 20px 30px;\n}\n#vbbVideoBG-3 .vbbVideoOverlay{\n\tbackground: rgba(0, 0, 0, 0.78);\n}\n@media (max-width: 1024px){\n\t#vbbVideoBG-3{\n\t\tmin-height: 900px;\n\t}\n\t#vbbVideoBG-3 .vbbVideoContent{\n\t\tmin-height: 900px;\n\t\tpadding: 20px 30px;\n\t}\n\t#vbbVideoBG-3 .vbbPosterLayer{\n\t\tbackground-image: url();\n\t}\n}\n@media (max-width: 767px){\n\t#vbbVideoBG-3{\n\t\tmin-height: 900px;\n\t}\n\t#vbbVideoBG-3 .vbbVideoContent{\n\t\tmin-height: 900px;\n\t\tpadding: 20px 30px;\n\t}\n\t#vbbVideoBG-3 .vbbPosterLayer{\n\t\tbackground-image: url();\n\t}\n}\t<\/style>\n\n\t<div class='vbbPosterLayer'><\/div>\n\n\t\t\t<video\n\t\t\tautoplay\n\t\t\tmuted\t\t\tloop\n\t\t\tplaysinline\n\t\t\tclass='vbbVideoPlayer'\n\t\t\tposter=''\n\t\t\tdata-audio-on-click='0'\n\t\t\tdata-volume='1'\n\t\t>\n\t\t\t\t\t\t\t\t\t\t\t\t\t<source type='video\/mp4' src='https:\/\/nethanelvideo.fr\/wp-content\/uploads\/2026\/04\/Balade-au-bord-du-lac-1.mp4' data-src-desktop='https:\/\/nethanelvideo.fr\/wp-content\/uploads\/2026\/04\/Balade-au-bord-du-lac-1.mp4' data-src-tablet='' data-src-mobile='' \/>\n\t\t\t\t\t\tYour browser does not support HTML5 video.\n\t\t<\/video>\n\t\n\n\t\n\t<div class='vbbVideoOverlay' style='--vbb-overlay-opacity:1; --vbb-overlay-blend:normal; --vbb-overlay-pattern:none; --vbb-overlay-pattern-opacity:0.2; --vbb-overlay-vignette:0; --vbb-overlay-float:none; --vbb-overlay-pulse:none;'><\/div>\n\n\t<div class='vbbVideoContent'>\n\t\t\n\n<div class=\"wp-block-group has-global-padding is-layout-constrained wp-container-core-group-is-layout-650790e1 wp-block-group-is-layout-constrained\">\n<h1 class=\"wp-block-heading has-text-align-center has-base-2-color has-text-color has-link-color wp-elements-ae4888689f8c60807ade28d1793c3a46\" style=\"font-size:clamp(29.768px, 1.861rem + ((1vw - 3.2px) * 2.316), 52px)\">Nethanel Vid\u00e9o<\/h1>\n\n\n\n<div style=\"height:6px\" aria-hidden=\"true\" class=\"wp-block-spacer\"><\/div>\n\n\n\n<p class=\"has-text-align-center has-base-2-color has-text-color has-link-color wp-elements-2caf9b608891d5bcae3b1d46ad52baa3\" style=\"font-size:clamp(16.293px, 1.018rem + ((1vw - 3.2px) * 0.907), 25px)\">Capturer l&rsquo;essence de vos moments pr\u00e9cieux<\/p>\n\n\n\n<div style=\"height:0.2rem\" aria-hidden=\"true\" class=\"wp-block-spacer\"><\/div>\n\n\n\n<p class=\"has-text-align-center has-base-2-color has-text-color has-link-color wp-elements-806af25265f820b4b8c8ee6aa22ac9ec\" style=\"font-size:14px\">Vid\u00e9aste \u00e9v\u00e9nementiel \u00e0 Strasbourg<\/p>\n\n\n\n<div style=\"height:1.25rem\" aria-hidden=\"true\" class=\"wp-block-spacer\"><\/div>\n\n\n\n<div class=\"wp-block-buttons is-content-justification-center is-layout-flex wp-container-core-buttons-is-layout-a89b3969 wp-block-buttons-is-layout-flex\">\n<div class=\"wp-block-button is-style-outline is-style-outline--1\"><a class=\"wp-block-button__link has-contrast-color has-base-2-background-color has-text-color has-background has-link-color wp-element-button\" href=\"#Me-contacter\" style=\"border-top-left-radius:100px;border-top-right-radius:100px;border-bottom-left-radius:100px;border-bottom-right-radius:100px\">Me contacter -&gt;<\/a><\/div>\n\n\n\n<div class=\"wp-block-button is-style-outline is-style-outline--2\"><a class=\"wp-block-button__link wp-element-button\" href=\"#Mes-vid\u00e9os\" style=\"border-top-left-radius:100px;border-top-right-radius:100px;border-bottom-left-radius:100px;border-bottom-right-radius:100px\">Mes vid\u00e9os<\/a><\/div>\n<\/div>\n<\/div>\n\n\t<\/div>\n<\/div>\n\n\n\n\n<div class=\"wp-block-group alignfull has-base-2-background-color has-background has-global-padding is-layout-constrained wp-container-core-group-is-layout-669513ed wp-block-group-is-layout-constrained\" style=\"margin-top:0;margin-bottom:0;padding-top:var(--wp--preset--spacing--50);padding-right:var(--wp--preset--spacing--50);padding-bottom:var(--wp--preset--spacing--50);padding-left:var(--wp--preset--spacing--50)\">\n<div class=\"wp-block-group is-vertical is-content-justification-center is-layout-flex wp-container-core-group-is-layout-52b864f0 wp-block-group-is-layout-flex\">\n<p class=\"has-text-align-center has-x-large-font-size\">Services<\/p>\n\n\n\n<div style=\"height:0px\" aria-hidden=\"true\" class=\"wp-block-spacer wp-container-content-4f2ccadb\"><\/div>\n\n\n\n<p class=\"has-text-align-center\">Notre gamme compl\u00e8te de services professionnels s\u2019adresse \u00e0 une client\u00e8le diversifi\u00e9e, allant des propri\u00e9taires aux promotrices ou promoteurs commerciaux.<\/p>\n<\/div>\n\n\n\n<div style=\"margin-top:0;margin-bottom:0;height:var(--wp--preset--spacing--40)\" aria-hidden=\"true\" class=\"wp-block-spacer\"><\/div>\n\n\n\n<div class=\"wp-block-columns alignwide are-vertically-aligned-top is-layout-flex wp-container-core-columns-is-layout-d0bbbce0 wp-block-columns-is-layout-flex\">\n<div class=\"wp-block-column is-vertically-aligned-top is-layout-flow wp-container-core-column-is-layout-e3d1c41b wp-block-column-is-layout-flow\">\n<h3 class=\"wp-block-heading has-text-align-center is-style-asterisk has-body-font-family has-medium-font-size\" style=\"font-style:normal;font-weight:600\">Mariages<\/h3>\n\n\n\n<p class=\"has-text-align-center\">C\u00e9r\u00e9monies juives et la\u00efques. Capturant chaque \u00e9motion, de la mairie \u00e0 la danse des horas.<\/p>\n<\/div>\n\n\n\n<div class=\"wp-block-column is-vertically-aligned-top is-layout-flow wp-container-core-column-is-layout-e3d1c41b wp-block-column-is-layout-flow\">\n<h3 class=\"wp-block-heading has-text-align-center is-style-asterisk has-body-font-family has-medium-font-size\" style=\"font-style:normal;font-weight:600\">Bar &amp; Bat Mitzvah<\/h3>\n\n\n\n<p class=\"has-text-align-center\">immortaliser ces moments d&rsquo;entr\u00e9e dans la vie adulte juive avec discr\u00e9tion et chaleur.<\/p>\n<\/div>\n\n\n\n<div class=\"wp-block-column is-vertically-aligned-top is-layout-flow wp-container-core-column-is-layout-e3d1c41b wp-block-column-is-layout-flow\">\n<h3 class=\"wp-block-heading has-text-align-center is-style-asterisk has-body-font-family has-medium-font-size\" style=\"font-style:normal;font-weight:600\">\u00c9v\u00e9nements Pro<\/h3>\n\n\n\n<p class=\"has-text-align-center\">Conf\u00e9rences, s\u00e9minaires, soir\u00e9es d&rsquo;entreprise. Rendu professionnel sans budget agence.<\/p>\n<\/div>\n\n\n\n<div class=\"wp-block-column is-vertically-aligned-top is-layout-flow wp-container-core-column-is-layout-e3d1c41b wp-block-column-is-layout-flow\">\n<h3 class=\"wp-block-heading has-text-align-center is-style-asterisk has-body-font-family has-medium-font-size\" style=\"font-style:normal;font-weight:600\">Streaming Live<\/h3>\n\n\n\n<p class=\"has-text-align-center\">Zoom, Google Meet, Facebook Live. Relier les absents aux moments forts en direct.<\/p>\n<\/div>\n<\/div>\n\n\n\n<div style=\"height:var(--wp--preset--spacing--20)\" aria-hidden=\"true\" class=\"wp-block-spacer\"><\/div>\n<\/div>\n\n\n\n<div class=\"wp-block-group alignfull has-global-padding is-layout-constrained wp-container-core-group-is-layout-d89aad35 wp-block-group-is-layout-constrained\" id=\"Mes-vid\u00e9os\" style=\"margin-top:0;margin-bottom:0;padding-top:var(--wp--preset--spacing--50);padding-right:var(--wp--preset--spacing--50);padding-bottom:var(--wp--preset--spacing--50);padding-left:var(--wp--preset--spacing--50)\">\n<h2 class=\"wp-block-heading has-text-align-center is-style-default\">Portfolio<\/h2>\n\n\n\n<div class=\"wp-block-columns alignwide is-layout-flex wp-container-core-columns-is-layout-e37d7211 wp-block-columns-is-layout-flex\">\n<div class=\"wp-block-column is-layout-flow wp-block-column-is-layout-flow\">\n<figure class=\"wp-block-embed is-type-video is-provider-youtube wp-block-embed-youtube wp-embed-aspect-16-9 wp-has-aspect-ratio\"><div class=\"wp-block-embed__wrapper\">\n<iframe loading=\"lazy\" title=\"Balade au bord du lac d&#039;Aix les Bains\" width=\"500\" height=\"281\" src=\"https:\/\/www.youtube.com\/embed\/q_BhStTBrJw?feature=oembed\" frameborder=\"0\" allow=\"accelerometer; autoplay; clipboard-write; encrypted-media; gyroscope; picture-in-picture; web-share\" referrerpolicy=\"strict-origin-when-cross-origin\" allowfullscreen><\/iframe>\n<\/div><\/figure>\n<\/div>\n\n\n\n<div class=\"wp-block-column is-layout-flow wp-block-column-is-layout-flow\">\n<figure class=\"wp-block-embed is-type-video is-provider-youtube wp-block-embed-youtube wp-embed-aspect-16-9 wp-has-aspect-ratio\"><div class=\"wp-block-embed__wrapper\">\n<iframe loading=\"lazy\" title=\"Balade au bord du lac d&#039;Aix les Bains\" width=\"500\" height=\"281\" src=\"https:\/\/www.youtube.com\/embed\/q_BhStTBrJw?feature=oembed\" frameborder=\"0\" allow=\"accelerometer; autoplay; clipboard-write; encrypted-media; gyroscope; picture-in-picture; web-share\" referrerpolicy=\"strict-origin-when-cross-origin\" allowfullscreen><\/iframe>\n<\/div><\/figure>\n<\/div>\n\n\n\n<div class=\"wp-block-column is-layout-flow wp-block-column-is-layout-flow\">\n<figure class=\"wp-block-embed is-type-video is-provider-youtube wp-block-embed-youtube wp-embed-aspect-16-9 wp-has-aspect-ratio\"><div class=\"wp-block-embed__wrapper\">\n<iframe loading=\"lazy\" title=\"Balade au bord du lac d&#039;Aix les Bains\" width=\"500\" height=\"281\" src=\"https:\/\/www.youtube.com\/embed\/q_BhStTBrJw?feature=oembed\" frameborder=\"0\" allow=\"accelerometer; autoplay; clipboard-write; encrypted-media; gyroscope; picture-in-picture; web-share\" referrerpolicy=\"strict-origin-when-cross-origin\" allowfullscreen><\/iframe>\n<\/div><\/figure>\n<\/div>\n<\/div>\n<\/div>\n\n\n\n<div class=\"wp-block-group alignfull has-base-2-background-color has-background has-global-padding is-layout-constrained wp-container-core-group-is-layout-197d3326 wp-block-group-is-layout-constrained\" style=\"margin-top:0;margin-bottom:0;padding-top:var(--wp--preset--spacing--40);padding-right:var(--wp--preset--spacing--60);padding-bottom:var(--wp--preset--spacing--40);padding-left:var(--wp--preset--spacing--60)\">\n<div class=\"wp-block-columns alignwide are-vertically-aligned-center is-layout-flex wp-container-core-columns-is-layout-d6d4bbd0 wp-block-columns-is-layout-flex\" style=\"padding-right:0;padding-left:0\">\n<div class=\"wp-block-column is-vertically-aligned-center is-layout-flow wp-block-column-is-layout-flow\" style=\"flex-basis:100%\">\n<h3 class=\"wp-block-heading has-text-align-center is-style-default\">Pourquoi me choisir ?<\/h3>\n\n\n\n<p class=\"has-text-align-left\">Je suis&nbsp;<strong>Nethanel Lahiany<\/strong>, vid\u00e9aste ind\u00e9pendant bas\u00e9 \u00e0 Strasbourg. Contrairement aux grandes agences avec leurs \u00e9quipes et leurs tarifs cons\u00e9quents, je travaille seul &#8211; ce qui me permet de proposer des prestations de qualit\u00e9 professionnelle \u00e0 des prix accessibles.<\/p>\n\n\n\n<p>Ma sp\u00e9cialit\u00e9 : les projets qui n\u00e9cessitent discr\u00e9tion, r\u00e9activit\u00e9 et regard personnel. Mariages intimes, Bar Mitsva familiales, conf\u00e9rences professionnelles ou retransmission live pour vos proches \u00e9loign\u00e9s.<\/p>\n\n\n\n<p>Je me d\u00e9place partout en France pour les projets pertinents. Parlons de votre \u00e9v\u00e9nement.<\/p>\n<\/div>\n<\/div>\n<\/div>\n\n\n\n<div class=\"wp-block-group alignfull has-base-color has-text-color has-global-padding is-layout-constrained wp-container-core-group-is-layout-3994f42d wp-block-group-is-layout-constrained\" style=\"margin-top:0;margin-bottom:0;padding-top:var(--wp--preset--spacing--50);padding-right:var(--wp--preset--spacing--60);padding-bottom:var(--wp--preset--spacing--50);padding-left:var(--wp--preset--spacing--60)\">\n<div class=\"wp-block-group alignwide has-global-padding is-layout-constrained wp-block-group-is-layout-constrained\">\n<p class=\"has-text-align-center has-text-color has-x-large-font-size\" style=\"color:#0000009c;line-height:1.2\">Travaillons ensemble<\/p>\n\n\n\n<p class=\"has-text-align-center has-text-color has-medium-font-size\" style=\"color:#0000009c;line-height:1.2\">Chaque projet est unique. Contactez-moi pour \u00e9tablir un devis personnalis\u00e9 adapt\u00e9 \u00e0 vos besoins et votre budget.<\/p>\n\n\n\n<div style=\"height:10px\" aria-hidden=\"true\" class=\"wp-block-spacer\"><\/div>\n<\/div>\n\n\n\n<div id=\"Me-contacter\" class=\"wp-block-group has-base-2-background-color has-background is-layout-flow wp-block-group-is-layout-flow\" style=\"border-style:none;border-width:0px;border-top-left-radius:13px;border-top-right-radius:13px;border-bottom-left-radius:13px;border-bottom-right-radius:13px;margin-top:0;margin-bottom:0;padding-top:var(--wp--preset--spacing--10);padding-right:0;padding-bottom:var(--wp--preset--spacing--10);padding-left:0\">\n<h2 class=\"wp-block-heading has-text-align-center has-contrast-2-color has-text-color has-link-color has-medium-font-size wp-elements-56255c34326b2d6b89be84be9b60d7dd\" style=\"line-height:0.5\">Email<\/h2>\n\n\n\n<h2 class=\"wp-block-heading has-text-align-center has-medium-font-size\" style=\"line-height:0.4\"><strong>nethanelvideo@gmail.com<\/strong><\/h2>\n<\/div>\n\n\n\n<div class=\"wp-block-group has-base-2-background-color has-background is-layout-flow wp-container-core-group-is-layout-b15da2b4 wp-block-group-is-layout-flow\" style=\"border-top-left-radius:13px;border-top-right-radius:13px;border-bottom-left-radius:13px;border-bottom-right-radius:13px;min-height:0px;margin-top:var(--wp--preset--spacing--10);margin-bottom:var(--wp--preset--spacing--10);padding-top:var(--wp--preset--spacing--10);padding-right:0;padding-bottom:var(--wp--preset--spacing--10);padding-left:0\">\n<h2 class=\"wp-block-heading has-text-align-center has-contrast-2-color has-text-color has-link-color has-medium-font-size wp-elements-f41fdaec5504343290b9e54e0d2a10f5\" style=\"line-height:0.5\">T\u00e9l\u00e9phone<\/h2>\n\n\n\n<h2 class=\"wp-block-heading has-text-align-center has-contrast-color has-text-color has-link-color has-medium-font-size wp-elements-eab8e51861d7b5081f50c63eeb9d3d32\" style=\"line-height:0.4\"><strong>07.67.23.11.26<\/strong><\/h2>\n<\/div>\n\n\n\n<div style=\"height:10px\" aria-hidden=\"true\" class=\"wp-block-spacer\"><\/div>\n\n\n\n<h3 class=\"wp-block-heading has-text-align-center has-medium-font-size\">R\u00e9ponse sous 24h<\/h3>\n<\/div>\n","protected":false},"excerpt":{"rendered":"<p>Nethanel Vid\u00e9o Services Notre gamme compl\u00e8te de services professionnels s\u2019adresse \u00e0 une client\u00e8le diversifi\u00e9e, allant des propri\u00e9taires aux promotrices ou promoteurs commerciaux. Mariages C\u00e9r\u00e9monies juives et la\u00efques. Capturant chaque \u00e9motion, de la mairie \u00e0 la danse des horas. Bar &amp; Bat Mitzvah immortaliser ces moments d&rsquo;entr\u00e9e dans la vie adulte juive avec discr\u00e9tion et chaleur. [&hellip;]<\/p>\n","protected":false},"author":1,"featured_media":0,"parent":0,"menu_order":0,"comment_status":"closed","ping_status":"closed","template":"","meta":{"footnotes":""},"class_list":["post-19","page","type-page","status-publish","hentry"],"_links":{"self":[{"href":"https:\/\/nethanelvideo.fr\/wp-json\/wp\/v2\/pages\/19","targetHints":{"allow":["GET"]}}],"collection":[{"href":"https:\/\/nethanelvideo.fr\/wp-json\/wp\/v2\/pages"}],"about":[{"href":"https:\/\/nethanelvideo.fr\/wp-json\/wp\/v2\/types\/page"}],"author":[{"embeddable":true,"href":"https:\/\/nethanelvideo.fr\/wp-json\/wp\/v2\/users\/1"}],"replies":[{"embeddable":true,"href":"https:\/\/nethanelvideo.fr\/wp-json\/wp\/v2\/comments?post=19"}],"version-history":[{"count":78,"href":"https:\/\/nethanelvideo.fr\/wp-json\/wp\/v2\/pages\/19\/revisions"}],"predecessor-version":[{"id":126,"href":"https:\/\/nethanelvideo.fr\/wp-json\/wp\/v2\/pages\/19\/revisions\/126"}],"wp:attachment":[{"href":"https:\/\/nethanelvideo.fr\/wp-json\/wp\/v2\/media?parent=19"}],"curies":[{"name":"wp","href":"https:\/\/api.w.org\/{rel}","templated":true}]}}